{"id":5868,"date":"2023-02-05T15:09:04","date_gmt":"2023-02-05T14:09:04","guid":{"rendered":"https:\/\/tabywebb.se\/?page_id=5868"},"modified":"2023-12-31T23:10:04","modified_gmt":"2023-12-31T21:10:04","slug":"cookies-och-integritet","status":"publish","type":"page","link":"https:\/\/tabywebb.se\/english\/cookies-och-integritet\/","title":{"rendered":"Cookies och integritet"},"content":{"rendered":"<div data-elementor-type=\"wp-page\" data-elementor-id=\"5868\" class=\"elementor elementor-5868\" data-elementor-post-type=\"page\">\n\t\t\t\t\t\t<section class=\"elementor-section elementor-top-section elementor-element elementor-element-aa4bd01 elementor-section-boxed elementor-section-height-default elementor-section-height-default\" data-id=\"aa4bd01\" data-element_type=\"section\" data-e-type=\"section\">\n\t\t\t\t\t\t<div class=\"elementor-container elementor-column-gap-default\">\n\t\t\t\t\t<div class=\"elementor-column elementor-col-100 elementor-top-column elementor-element elementor-element-8269a3a\" data-id=\"8269a3a\" data-element_type=\"column\" data-e-type=\"column\">\n\t\t\t<div class=\"elementor-widget-wrap elementor-element-populated\">\n\t\t\t\t\t\t<div class=\"elementor-element elementor-element-cc96596 elementor-widget elementor-widget-heading\" data-id=\"cc96596\" data-element_type=\"widget\" data-e-type=\"widget\" data-widget_type=\"heading.default\">\n\t\t\t\t<div class=\"elementor-widget-container\">\n\t\t\t\t\t<h2 class=\"elementor-heading-title elementor-size-default\">Cookies &amp; Privacy<\/h2>\t\t\t\t<\/div>\n\t\t\t\t<\/div>\n\t\t\t\t\t<\/div>\n\t\t<\/div>\n\t\t\t\t\t<\/div>\n\t\t<\/section>\n\t\t\t\t<section class=\"elementor-section elementor-top-section elementor-element elementor-element-c1070ef elementor-section-items-top elementor-section-height-min-height elementor-section-boxed elementor-section-height-default\" data-id=\"c1070ef\" data-element_type=\"section\" data-e-type=\"section\">\n\t\t\t\t\t\t<div class=\"elementor-container elementor-column-gap-default\">\n\t\t\t\t\t<div class=\"elementor-column elementor-col-100 elementor-top-column elementor-element elementor-element-646e75d\" data-id=\"646e75d\" data-element_type=\"column\" data-e-type=\"column\">\n\t\t\t<div class=\"elementor-widget-wrap elementor-element-populated\">\n\t\t\t\t\t\t<div class=\"elementor-element elementor-element-14b2395 elementor-widget elementor-widget-text-editor\" data-id=\"14b2395\" data-element_type=\"widget\" data-e-type=\"widget\" data-widget_type=\"text-editor.default\">\n\t\t\t\t<div class=\"elementor-widget-container\">\n\t\t\t\t\t\t\t\t\t<p>Som de flesta moderna hemsidor anv\u00e4nder tabywebb.se cookies f\u00f6r att f\u00f6rb\u00e4ttra din upplevelse och g\u00f6ra hemsidan mer anv\u00e4ndarv\u00e4nlig. Cookies \u00e4r sm\u00e5 textfiler som lagras p\u00e5 din dator och inneh\u00e5ller information om din anv\u00e4ndning av hemsidan.\u00a0<\/p><p>\u00a0<\/p><p>Endast information som \u00e4r n\u00f6dv\u00e4ndig f\u00f6r att ge dig en b\u00e4ttre bes\u00f6ksupplevelse samlas in. Vi skyddar din integritet genom att aldrig samla in k\u00e4nslig information utan ditt samtycke. Genom att forts\u00e4tta anv\u00e4nda v\u00e5r hemsida samtycker du till v\u00e5r anv\u00e4ndning av cookies.<\/p><p>\u00a0<\/p><p>Ramarna f\u00f6r dator, mobil och surfplatta som visar sk\u00e4rmbilder fr\u00e5n uppdragen \u00e4r h\u00e4mtade fr\u00e5n Freepik.com och skaparen av bilderna \u00f6nskar att f\u00e5 cred genom att den h\u00e4r l\u00e4nken delas p\u00e5 hemsidan:<\/p><p>&lt;a href=&quot;\/english\/&rdquo;https:\/\/www.freepik.com\/free-vector\/technological-devices-design_953322.htm\/#query=computer%20tablet%20phone&amp;position=19&amp;from_view=keyword&amp;track=ais&amp;uuid=bc891094-9934-4700-b5bc-63bca9634a39&Prime;&quot;&gt;Image by d3images&lt;\/a&gt; on Freepik<\/p>\t\t\t\t\t\t\t\t<\/div>\n\t\t\t\t<\/div>\n\t\t\t\t\t<\/div>\n\t\t<\/div>\n\t\t\t\t\t<\/div>\n\t\t<\/section>\n\t\t\t\t<\/div>","protected":false},"excerpt":{"rendered":"<p>Cookies &#038; integritet Som de flesta moderna hemsidor anv\u00e4nder tabywebb.se cookies f\u00f6r att f\u00f6rb\u00e4ttra din upplevelse och g\u00f6ra hemsidan mer anv\u00e4ndarv\u00e4nlig. Cookies \u00e4r sm\u00e5 textfiler som lagras p\u00e5 din dator och inneh\u00e5ller information om din anv\u00e4ndning av hemsidan.\u00a0 \u00a0 Endast information som \u00e4r n\u00f6dv\u00e4ndig f\u00f6r att ge dig en b\u00e4ttre bes\u00f6ksupplevelse samlas in. Vi skyddar [&hellip;]<\/p>\n","protected":false},"author":1,"featured_media":0,"parent":0,"menu_order":0,"comment_status":"closed","ping_status":"closed","template":"","meta":{"site-sidebar-layout":"no-sidebar","site-content-layout":"page-builder","ast-site-content-layout":"default","site-content-style":"default","site-sidebar-style":"default","ast-global-header-display":"","ast-banner-title-visibility":"","ast-main-header-display":"","ast-hfb-above-header-display":"","ast-hfb-below-header-display":"","ast-hfb-mobile-header-display":"","site-post-title":"disabled","ast-breadcrumbs-content":"","ast-featured-img":"disabled","footer-sml-layout":"","ast-disable-related-posts":"","theme-transparent-header-meta":"","adv-header-id-meta":"","stick-header-meta":"","header-above-stick-meta":"","header-main-stick-meta":"","header-below-stick-meta":"","astra-migrate-meta-layouts":"default","ast-page-background-enabled":"default","ast-page-background-meta":{"desktop":{"background-color":"var(--ast-global-color-4)","background-image":"","background-repeat":"repeat","background-position":"center center","background-size":"auto","background-attachment":"scroll","background-type":"","background-media":"","overlay-type":"","overlay-color":"","overlay-opacity":"","overlay-gradient":""},"tablet":{"background-color":"","background-image":"","background-repeat":"repeat","background-position":"center center","background-size":"auto","background-attachment":"scroll","background-type":"","background-media":"","overlay-type":"","overlay-color":"","overlay-opacity":"","overlay-gradient":""},"mobile":{"background-color":"","background-image":"","background-repeat":"repeat","background-position":"center center","background-size":"auto","background-attachment":"scroll","background-type":"","background-media":"","overlay-type":"","overlay-color":"","overlay-opacity":"","overlay-gradient":""}},"ast-content-background-meta":{"desktop":{"background-color":"var(--ast-global-color-5)","background-image":"","background-repeat":"repeat","background-position":"center center","background-size":"auto","background-attachment":"scroll","background-type":"","background-media":"","overlay-type":"","overlay-color":"","overlay-opacity":"","overlay-gradient":""},"tablet":{"background-color":"var(--ast-global-color-5)","background-image":"","background-repeat":"repeat","background-position":"center center","background-size":"auto","background-attachment":"scroll","background-type":"","background-media":"","overlay-type":"","overlay-color":"","overlay-opacity":"","overlay-gradient":""},"mobile":{"background-color":"var(--ast-global-color-5)","background-image":"","background-repeat":"repeat","background-position":"center center","background-size":"auto","background-attachment":"scroll","background-type":"","background-media":"","overlay-type":"","overlay-color":"","overlay-opacity":"","overlay-gradient":""}},"footnotes":"","_links_to":"","_links_to_target":""},"class_list":["post-5868","page","type-page","status-publish","hentry"],"yoast_head":"<!-- This site is optimized with the Yoast SEO plugin v27.0 - https:\/\/yoast.com\/product\/yoast-seo-wordpress\/ -->\n<title>Cookies och integritet - Hemsida, webbhotell och support<\/title>\n<meta name=\"robots\" content=\"index, follow, max-snippet:-1, max-image-preview:large, max-video-preview:-1\" \/>\n<link rel=\"canonical\" href=\"https:\/\/tabywebb.se\/english\/cookies-och-integritet\/\" \/>\n<meta property=\"og:locale\" content=\"en_US\" \/>\n<meta property=\"og:type\" content=\"article\" \/>\n<meta property=\"og:title\" content=\"Cookies och integritet - Hemsida, webbhotell och support\" \/>\n<meta property=\"og:description\" content=\"Cookies &#038; integritet Som de flesta moderna hemsidor anv\u00e4nder tabywebb.se cookies f\u00f6r att f\u00f6rb\u00e4ttra din upplevelse och g\u00f6ra hemsidan mer anv\u00e4ndarv\u00e4nlig. Cookies \u00e4r sm\u00e5 textfiler som lagras p\u00e5 din dator och inneh\u00e5ller information om din anv\u00e4ndning av hemsidan.\u00a0 \u00a0 Endast information som \u00e4r n\u00f6dv\u00e4ndig f\u00f6r att ge dig en b\u00e4ttre bes\u00f6ksupplevelse samlas in. Vi skyddar [&hellip;]\" \/>\n<meta property=\"og:url\" content=\"https:\/\/tabywebb.se\/english\/cookies-och-integritet\/\" \/>\n<meta property=\"og:site_name\" content=\"Hemsida, webbhotell och support - T\u00e4by Webb\" \/>\n<meta property=\"article:modified_time\" content=\"2023-12-31T21:10:04+00:00\" \/>\n<meta property=\"og:image\" content=\"https:\/\/tabywebb.se\/wp-content\/uploads\/2021\/11\/TW2.png\" \/>\n\t<meta property=\"og:image:width\" content=\"558\" \/>\n\t<meta property=\"og:image:height\" content=\"447\" \/>\n\t<meta property=\"og:image:type\" content=\"image\/png\" \/>\n<meta name=\"twitter:card\" content=\"summary_large_image\" \/>\n<meta name=\"twitter:label1\" content=\"Est. reading time\" \/>\n\t<meta name=\"twitter:data1\" content=\"1 minute\" \/>\n<script type=\"application\/ld+json\" class=\"yoast-schema-graph\">{\"@context\":\"https:\/\/schema.org\",\"@graph\":[{\"@type\":\"WebPage\",\"@id\":\"https:\/\/tabywebb.se\/cookies-och-integritet\/\",\"url\":\"https:\/\/tabywebb.se\/cookies-och-integritet\/\",\"name\":\"Cookies och integritet - Hemsida, webbhotell och support\",\"isPartOf\":{\"@id\":\"https:\/\/tabywebb.se\/#website\"},\"datePublished\":\"2023-02-05T14:09:04+00:00\",\"dateModified\":\"2023-12-31T21:10:04+00:00\",\"inLanguage\":\"en-US\",\"potentialAction\":[{\"@type\":\"ReadAction\",\"target\":[\"https:\/\/tabywebb.se\/cookies-och-integritet\/\"]}]},{\"@type\":\"WebSite\",\"@id\":\"https:\/\/tabywebb.se\/#website\",\"url\":\"https:\/\/tabywebb.se\/\",\"name\":\"T\u00e4by Webb\",\"description\":\"Hemsida, webbhotell och support\",\"publisher\":{\"@id\":\"https:\/\/tabywebb.se\/#organization\"},\"potentialAction\":[{\"@type\":\"SearchAction\",\"target\":{\"@type\":\"EntryPoint\",\"urlTemplate\":\"https:\/\/tabywebb.se\/?s={search_term_string}\"},\"query-input\":{\"@type\":\"PropertyValueSpecification\",\"valueRequired\":true,\"valueName\":\"search_term_string\"}}],\"inLanguage\":\"en-US\"},{\"@type\":\"Organization\",\"@id\":\"https:\/\/tabywebb.se\/#organization\",\"name\":\"T\u00e4by Webb\",\"url\":\"https:\/\/tabywebb.se\/\",\"logo\":{\"@type\":\"ImageObject\",\"inLanguage\":\"en-US\",\"@id\":\"https:\/\/tabywebb.se\/#\/schema\/logo\/image\/\",\"url\":\"https:\/\/tabywebb.se\/wp-content\/uploads\/2021\/11\/TW2.png\",\"contentUrl\":\"https:\/\/tabywebb.se\/wp-content\/uploads\/2021\/11\/TW2.png\",\"width\":558,\"height\":447,\"caption\":\"T\u00e4by Webb\"},\"image\":{\"@id\":\"https:\/\/tabywebb.se\/#\/schema\/logo\/image\/\"}}]}<\/script>\n<!-- \/ Yoast SEO plugin. -->","yoast_head_json":{"title":"Cookies och integritet - Hemsida, webbhotell och support","robots":{"index":"index","follow":"follow","max-snippet":"max-snippet:-1","max-image-preview":"max-image-preview:large","max-video-preview":"max-video-preview:-1"},"canonical":"https:\/\/tabywebb.se\/english\/cookies-och-integritet\/","og_locale":"en_US","og_type":"article","og_title":"Cookies och integritet - Hemsida, webbhotell och support","og_description":"Cookies &#038; integritet Som de flesta moderna hemsidor anv\u00e4nder tabywebb.se cookies f\u00f6r att f\u00f6rb\u00e4ttra din upplevelse och g\u00f6ra hemsidan mer anv\u00e4ndarv\u00e4nlig. Cookies \u00e4r sm\u00e5 textfiler som lagras p\u00e5 din dator och inneh\u00e5ller information om din anv\u00e4ndning av hemsidan.\u00a0 \u00a0 Endast information som \u00e4r n\u00f6dv\u00e4ndig f\u00f6r att ge dig en b\u00e4ttre bes\u00f6ksupplevelse samlas in. Vi skyddar [&hellip;]","og_url":"https:\/\/tabywebb.se\/english\/cookies-och-integritet\/","og_site_name":"Hemsida, webbhotell och support - T\u00e4by Webb","article_modified_time":"2023-12-31T21:10:04+00:00","og_image":[{"width":558,"height":447,"url":"https:\/\/tabywebb.se\/wp-content\/uploads\/2021\/11\/TW2.png","type":"image\/png"}],"twitter_card":"summary_large_image","twitter_misc":{"Est. reading time":"1 minute"},"schema":{"@context":"https:\/\/schema.org","@graph":[{"@type":"WebPage","@id":"https:\/\/tabywebb.se\/cookies-och-integritet\/","url":"https:\/\/tabywebb.se\/cookies-och-integritet\/","name":"Cookies och integritet - Hemsida, webbhotell och support","isPartOf":{"@id":"https:\/\/tabywebb.se\/#website"},"datePublished":"2023-02-05T14:09:04+00:00","dateModified":"2023-12-31T21:10:04+00:00","inLanguage":"en-US","potentialAction":[{"@type":"ReadAction","target":["https:\/\/tabywebb.se\/cookies-och-integritet\/"]}]},{"@type":"WebSite","@id":"https:\/\/tabywebb.se\/#website","url":"https:\/\/tabywebb.se\/","name":"T\u00e4by Webb","description":"Hemsida, webbhotell och support","publisher":{"@id":"https:\/\/tabywebb.se\/#organization"},"potentialAction":[{"@type":"SearchAction","target":{"@type":"EntryPoint","urlTemplate":"https:\/\/tabywebb.se\/?s={search_term_string}"},"query-input":{"@type":"PropertyValueSpecification","valueRequired":true,"valueName":"search_term_string"}}],"inLanguage":"en-US"},{"@type":"Organization","@id":"https:\/\/tabywebb.se\/#organization","name":"T\u00e4by Webb","url":"https:\/\/tabywebb.se\/","logo":{"@type":"ImageObject","inLanguage":"en-US","@id":"https:\/\/tabywebb.se\/#\/schema\/logo\/image\/","url":"https:\/\/tabywebb.se\/wp-content\/uploads\/2021\/11\/TW2.png","contentUrl":"https:\/\/tabywebb.se\/wp-content\/uploads\/2021\/11\/TW2.png","width":558,"height":447,"caption":"T\u00e4by Webb"},"image":{"@id":"https:\/\/tabywebb.se\/#\/schema\/logo\/image\/"}}]}},"_links":{"self":[{"href":"https:\/\/tabywebb.se\/english\/wp-json\/wp\/v2\/pages\/5868","targetHints":{"allow":["GET"]}}],"collection":[{"href":"https:\/\/tabywebb.se\/english\/wp-json\/wp\/v2\/pages"}],"about":[{"href":"https:\/\/tabywebb.se\/english\/wp-json\/wp\/v2\/types\/page"}],"author":[{"embeddable":true,"href":"https:\/\/tabywebb.se\/english\/wp-json\/wp\/v2\/users\/1"}],"replies":[{"embeddable":true,"href":"https:\/\/tabywebb.se\/english\/wp-json\/wp\/v2\/comments?post=5868"}],"version-history":[{"count":43,"href":"https:\/\/tabywebb.se\/english\/wp-json\/wp\/v2\/pages\/5868\/revisions"}],"predecessor-version":[{"id":9192,"href":"https:\/\/tabywebb.se\/english\/wp-json\/wp\/v2\/pages\/5868\/revisions\/9192"}],"wp:attachment":[{"href":"https:\/\/tabywebb.se\/english\/wp-json\/wp\/v2\/media?parent=5868"}],"curies":[{"name":"wp","href":"https:\/\/api.w.org\/{rel}","templated":true}]}}