{"id":1319,"date":"2021-11-21T15:14:19","date_gmt":"2021-11-21T15:14:19","guid":{"rendered":"https:\/\/tabywebb.se\/about\/"},"modified":"2024-02-21T15:55:15","modified_gmt":"2024-02-21T13:55:15","slug":"blogg","status":"publish","type":"page","link":"https:\/\/tabywebb.se\/english\/blogg\/","title":{"rendered":"Blog"},"content":{"rendered":"<div data-elementor-type=\"wp-page\" data-elementor-id=\"1319\" class=\"elementor elementor-1319\" data-elementor-post-type=\"page\">\n\t\t\t\t\t\t<section class=\"elementor-section elementor-top-section elementor-element elementor-element-5b6b036 elementor-section-boxed elementor-section-height-default elementor-section-height-default\" data-id=\"5b6b036\" data-element_type=\"section\" data-e-type=\"section\" data-settings=\"{&quot;background_background&quot;:&quot;classic&quot;}\">\n\t\t\t\t\t\t<div class=\"elementor-container elementor-column-gap-default\">\n\t\t\t\t\t<div class=\"elementor-column elementor-col-100 elementor-top-column elementor-element elementor-element-e10d806\" data-id=\"e10d806\" data-element_type=\"column\" data-e-type=\"column\">\n\t\t\t<div class=\"elementor-widget-wrap elementor-element-populated\">\n\t\t\t\t\t\t<div class=\"elementor-element elementor-element-85c5c4d elementor-widget elementor-widget-image\" data-id=\"85c5c4d\" data-element_type=\"widget\" data-e-type=\"widget\" data-widget_type=\"image.default\">\n\t\t\t\t<div class=\"elementor-widget-container\">\n\t\t\t\t\t\t\t\t\t\t\t\t\t\t\t<img fetchpriority=\"high\" decoding=\"async\" width=\"768\" height=\"500\" src=\"https:\/\/tabywebb.se\/wp-content\/uploads\/2023\/01\/Screenshot-2023-01-17-at-18.58.24-768x500.png\" class=\"attachment-medium_large size-medium_large wp-image-4464\" alt=\"Din hemsida\" srcset=\"https:\/\/tabywebb.se\/wp-content\/uploads\/2023\/01\/Screenshot-2023-01-17-at-18.58.24-768x500.png 768w, https:\/\/tabywebb.se\/wp-content\/uploads\/2023\/01\/Screenshot-2023-01-17-at-18.58.24-300x195.png 300w, https:\/\/tabywebb.se\/wp-content\/uploads\/2023\/01\/Screenshot-2023-01-17-at-18.58.24-1024x667.png 1024w, https:\/\/tabywebb.se\/wp-content\/uploads\/2023\/01\/Screenshot-2023-01-17-at-18.58.24.png 1468w\" sizes=\"(max-width: 768px) 100vw, 768px\" \/>\t\t\t\t\t\t\t\t\t\t\t\t\t\t\t<\/div>\n\t\t\t\t<\/div>\n\t\t\t\t\t<\/div>\n\t\t<\/div>\n\t\t\t\t\t<\/div>\n\t\t<\/section>\n\t\t\t\t<section class=\"elementor-section elementor-top-section elementor-element elementor-element-0a0d976 elementor-section-boxed elementor-section-height-default elementor-section-height-default\" data-id=\"0a0d976\" data-element_type=\"section\" data-e-type=\"section\" data-settings=\"{&quot;background_background&quot;:&quot;classic&quot;}\">\n\t\t\t\t\t\t<div class=\"elementor-container elementor-column-gap-default\">\n\t\t\t\t\t<div class=\"elementor-column elementor-col-100 elementor-top-column elementor-element elementor-element-8735a51\" data-id=\"8735a51\" data-element_type=\"column\" data-e-type=\"column\">\n\t\t\t<div class=\"elementor-widget-wrap elementor-element-populated\">\n\t\t\t\t\t\t<div class=\"elementor-element elementor-element-45d3c23 elementor-grid-2 elementor-grid-tablet-2 elementor-grid-mobile-1 elementor-posts--thumbnail-top elementor-widget elementor-widget-posts\" data-id=\"45d3c23\" data-element_type=\"widget\" data-e-type=\"widget\" data-settings=\"{&quot;classic_columns&quot;:&quot;2&quot;,&quot;classic_columns_tablet&quot;:&quot;2&quot;,&quot;classic_columns_mobile&quot;:&quot;1&quot;,&quot;classic_row_gap&quot;:{&quot;unit&quot;:&quot;px&quot;,&quot;size&quot;:35,&quot;sizes&quot;:[]},&quot;classic_row_gap_tablet&quot;:{&quot;unit&quot;:&quot;px&quot;,&quot;size&quot;:&quot;&quot;,&quot;sizes&quot;:[]},&quot;classic_row_gap_mobile&quot;:{&quot;unit&quot;:&quot;px&quot;,&quot;size&quot;:&quot;&quot;,&quot;sizes&quot;:[]}}\" data-widget_type=\"posts.classic\">\n\t\t\t\t<div class=\"elementor-widget-container\">\n\t\t\t\t\t\t\t<div class=\"elementor-posts-container elementor-posts elementor-posts--skin-classic elementor-grid\" role=\"list\">\n\t\t\t\t<article class=\"elementor-post elementor-grid-item post-2607 post type-post status-publish format-standard hentry category-blogg\" role=\"listitem\">\n\t\t\t\t<div class=\"elementor-post__text\">\n\t\t\t\t<h3 class=\"elementor-post__title\">\n\t\t\t<a href=\"https:\/\/tabywebb.se\/english\/var-ar-seo\/\" >\n\t\t\t\tNot Available in English\t\t\t<\/a>\n\t\t<\/h3>\n\t\t\t\t<div class=\"elementor-post__meta-data\">\n\t\t\t\t\t<span class=\"elementor-post-date\">\n\t\t\t7 January 2024\t\t<\/span>\n\t\t\t\t<span class=\"elementor-post-avatar\">\n\t\t\tNo Comments\t\t<\/span>\n\t\t\t\t<\/div>\n\t\t\t\t<div class=\"elementor-post__excerpt\">\n\t\t\t<p>SEO eller s\u00f6kmotoroptimering \u00e4r en viktig process f\u00f6r att g\u00f6ra din hemsida l\u00e4ttillg\u00e4nglig och synlig p\u00e5 s\u00f6kmotorer som Google. N\u00e4r folk s\u00f6ker p\u00e5 Google rankas<\/p>\n\t\t<\/div>\n\t\t\n\t\t<a class=\"elementor-post__read-more\" href=\"https:\/\/tabywebb.se\/english\/var-ar-seo\/\" aria-label=\"Read more about Vad \u00e4r SEO?\" tabindex=\"-1\" >\n\t\t\tRead more \u00bb\t\t<\/a>\n\n\t\t\t\t<\/div>\n\t\t\t\t<\/article>\n\t\t\t\t<article class=\"elementor-post elementor-grid-item post-2597 post type-post status-publish format-standard hentry category-blogg\" role=\"listitem\">\n\t\t\t\t<div class=\"elementor-post__text\">\n\t\t\t\t<h3 class=\"elementor-post__title\">\n\t\t\t<a href=\"https:\/\/tabywebb.se\/english\/webbdesign-for-foretag\/\" >\n\t\t\t\tNot Available in English\t\t\t<\/a>\n\t\t<\/h3>\n\t\t\t\t<div class=\"elementor-post__meta-data\">\n\t\t\t\t\t<span class=\"elementor-post-date\">\n\t\t\t11 November 2023\t\t<\/span>\n\t\t\t\t<span class=\"elementor-post-avatar\">\n\t\t\tNo Comments\t\t<\/span>\n\t\t\t\t<\/div>\n\t\t\t\t<div class=\"elementor-post__excerpt\">\n\t\t\t<p>Forskning fr\u00e5n Stanford visar att 75% av bes\u00f6kare bed\u00f6mer ett f\u00f6retags trov\u00e4rdighet utifr\u00e5n deras webbdesign. F\u00f6r att g\u00f6ra ett bra intryck \u00e4r det viktigt att<\/p>\n\t\t<\/div>\n\t\t\n\t\t<a class=\"elementor-post__read-more\" href=\"https:\/\/tabywebb.se\/english\/webbdesign-for-foretag\/\" aria-label=\"Read more about Webbdesign f\u00f6r f\u00f6retag\" tabindex=\"-1\" >\n\t\t\tRead more \u00bb\t\t<\/a>\n\n\t\t\t\t<\/div>\n\t\t\t\t<\/article>\n\t\t\t\t<article class=\"elementor-post elementor-grid-item post-4438 post type-post status-publish format-standard hentry category-blogg\" role=\"listitem\">\n\t\t\t\t<div class=\"elementor-post__text\">\n\t\t\t\t<h3 class=\"elementor-post__title\">\n\t\t\t<a href=\"https:\/\/tabywebb.se\/english\/en-snabbare-hemsida\/\" >\n\t\t\t\tNot Available in English\t\t\t<\/a>\n\t\t<\/h3>\n\t\t\t\t<div class=\"elementor-post__meta-data\">\n\t\t\t\t\t<span class=\"elementor-post-date\">\n\t\t\t10 February 2023\t\t<\/span>\n\t\t\t\t<span class=\"elementor-post-avatar\">\n\t\t\t1 Comment\t\t<\/span>\n\t\t\t\t<\/div>\n\t\t\t\t<div class=\"elementor-post__excerpt\">\n\t\t\t<p>Visste du att n\u00e4stan h\u00e4lften av alla anv\u00e4ndare f\u00f6rv\u00e4ntar sig att en hemsida ska laddas klart p\u00e5 under 2 sekunder? Enligt en marknadsunders\u00f6kning av Kissmetrics<\/p>\n\t\t<\/div>\n\t\t\n\t\t<a class=\"elementor-post__read-more\" href=\"https:\/\/tabywebb.se\/english\/en-snabbare-hemsida\/\" aria-label=\"Read more about En snabbare hemsida\" tabindex=\"-1\" >\n\t\t\tRead more \u00bb\t\t<\/a>\n\n\t\t\t\t<\/div>\n\t\t\t\t<\/article>\n\t\t\t\t<\/div>\n\t\t\n\t\t\t\t\t\t<\/div>\n\t\t\t\t<\/div>\n\t\t\t\t\t<\/div>\n\t\t<\/div>\n\t\t\t\t\t<\/div>\n\t\t<\/section>\n\t\t\t\t<\/div>","protected":false},"excerpt":{"rendered":"","protected":false},"author":1,"featured_media":0,"parent":0,"menu_order":0,"comment_status":"closed","ping_status":"closed","template":"","meta":{"site-sidebar-layout":"no-sidebar","site-content-layout":"page-builder","ast-site-content-layout":"default","site-content-style":"default","site-sidebar-style":"default","ast-global-header-display":"","ast-banner-title-visibility":"","ast-main-header-display":"","ast-hfb-above-header-display":"","ast-hfb-below-header-display":"","ast-hfb-mobile-header-display":"","site-post-title":"disabled","ast-breadcrumbs-content":"","ast-featured-img":"disabled","footer-sml-layout":"","ast-disable-related-posts":"","theme-transparent-header-meta":"enabled","adv-header-id-meta":"","stick-header-meta":"","header-above-stick-meta":"","header-main-stick-meta":"","header-below-stick-meta":"","astra-migrate-meta-layouts":"default","ast-page-background-enabled":"default","ast-page-background-meta":{"desktop":{"background-color":"var(--ast-global-color-4)","background-image":"","background-repeat":"repeat","background-position":"center center","background-size":"auto","background-attachment":"scroll","background-type":"","background-media":"","overlay-type":"","overlay-color":"","overlay-opacity":"","overlay-gradient":""},"tablet":{"background-color":"","background-image":"","background-repeat":"repeat","background-position":"center center","background-size":"auto","background-attachment":"scroll","background-type":"","background-media":"","overlay-type":"","overlay-color":"","overlay-opacity":"","overlay-gradient":""},"mobile":{"background-color":"","background-image":"","background-repeat":"repeat","background-position":"center center","background-size":"auto","background-attachment":"scroll","background-type":"","background-media":"","overlay-type":"","overlay-color":"","overlay-opacity":"","overlay-gradient":""}},"ast-content-background-meta":{"desktop":{"background-color":"var(--ast-global-color-5)","background-image":"","background-repeat":"repeat","background-position":"center center","background-size":"auto","background-attachment":"scroll","background-type":"","background-media":"","overlay-type":"","overlay-color":"","overlay-opacity":"","overlay-gradient":""},"tablet":{"background-color":"var(--ast-global-color-5)","background-image":"","background-repeat":"repeat","background-position":"center center","background-size":"auto","background-attachment":"scroll","background-type":"","background-media":"","overlay-type":"","overlay-color":"","overlay-opacity":"","overlay-gradient":""},"mobile":{"background-color":"var(--ast-global-color-5)","background-image":"","background-repeat":"repeat","background-position":"center center","background-size":"auto","background-attachment":"scroll","background-type":"","background-media":"","overlay-type":"","overlay-color":"","overlay-opacity":"","overlay-gradient":""}},"footnotes":"","_links_to":"","_links_to_target":""},"class_list":["post-1319","page","type-page","status-publish","hentry"],"yoast_head":"<!-- This site is optimized with the Yoast SEO plugin v27.0 - https:\/\/yoast.com\/product\/yoast-seo-wordpress\/ -->\n<title>Blogg - Hemsida, webbhotell och support<\/title>\n<meta name=\"robots\" content=\"index, follow, max-snippet:-1, max-image-preview:large, max-video-preview:-1\" \/>\n<link rel=\"canonical\" href=\"https:\/\/tabywebb.se\/english\/blogg\/\" \/>\n<meta property=\"og:locale\" content=\"en_US\" \/>\n<meta property=\"og:type\" content=\"article\" \/>\n<meta property=\"og:title\" content=\"Blogg - Hemsida, webbhotell och support\" \/>\n<meta property=\"og:url\" content=\"https:\/\/tabywebb.se\/english\/blogg\/\" \/>\n<meta property=\"og:site_name\" content=\"Hemsida, webbhotell och support - T\u00e4by Webb\" \/>\n<meta property=\"article:modified_time\" content=\"2024-02-21T13:55:15+00:00\" \/>\n<meta property=\"og:image\" content=\"https:\/\/tabywebb.se\/wp-content\/uploads\/2023\/01\/Screenshot-2023-01-17-at-18.58.24-768x500.png\" \/>\n<meta name=\"twitter:card\" content=\"summary_large_image\" \/>\n<meta name=\"twitter:label1\" content=\"Est. reading time\" \/>\n\t<meta name=\"twitter:data1\" content=\"2 minutes\" \/>\n<script type=\"application\/ld+json\" class=\"yoast-schema-graph\">{\"@context\":\"https:\/\/schema.org\",\"@graph\":[{\"@type\":\"WebPage\",\"@id\":\"https:\/\/tabywebb.se\/blogg\/\",\"url\":\"https:\/\/tabywebb.se\/blogg\/\",\"name\":\"Blogg - Hemsida, webbhotell och support\",\"isPartOf\":{\"@id\":\"https:\/\/tabywebb.se\/#website\"},\"primaryImageOfPage\":{\"@id\":\"https:\/\/tabywebb.se\/blogg\/#primaryimage\"},\"image\":{\"@id\":\"https:\/\/tabywebb.se\/blogg\/#primaryimage\"},\"thumbnailUrl\":\"https:\/\/tabywebb.se\/wp-content\/uploads\/2023\/01\/Screenshot-2023-01-17-at-18.58.24-768x500.png\",\"datePublished\":\"2021-11-21T15:14:19+00:00\",\"dateModified\":\"2024-02-21T13:55:15+00:00\",\"inLanguage\":\"en-US\",\"potentialAction\":[{\"@type\":\"ReadAction\",\"target\":[\"https:\/\/tabywebb.se\/blogg\/\"]}]},{\"@type\":\"ImageObject\",\"inLanguage\":\"en-US\",\"@id\":\"https:\/\/tabywebb.se\/blogg\/#primaryimage\",\"url\":\"https:\/\/tabywebb.se\/wp-content\/uploads\/2023\/01\/Screenshot-2023-01-17-at-18.58.24-768x500.png\",\"contentUrl\":\"https:\/\/tabywebb.se\/wp-content\/uploads\/2023\/01\/Screenshot-2023-01-17-at-18.58.24-768x500.png\"},{\"@type\":\"WebSite\",\"@id\":\"https:\/\/tabywebb.se\/#website\",\"url\":\"https:\/\/tabywebb.se\/\",\"name\":\"T\u00e4by Webb\",\"description\":\"Hemsida, webbhotell och support\",\"publisher\":{\"@id\":\"https:\/\/tabywebb.se\/#organization\"},\"potentialAction\":[{\"@type\":\"SearchAction\",\"target\":{\"@type\":\"EntryPoint\",\"urlTemplate\":\"https:\/\/tabywebb.se\/?s={search_term_string}\"},\"query-input\":{\"@type\":\"PropertyValueSpecification\",\"valueRequired\":true,\"valueName\":\"search_term_string\"}}],\"inLanguage\":\"en-US\"},{\"@type\":\"Organization\",\"@id\":\"https:\/\/tabywebb.se\/#organization\",\"name\":\"T\u00e4by Webb\",\"url\":\"https:\/\/tabywebb.se\/\",\"logo\":{\"@type\":\"ImageObject\",\"inLanguage\":\"en-US\",\"@id\":\"https:\/\/tabywebb.se\/#\/schema\/logo\/image\/\",\"url\":\"https:\/\/tabywebb.se\/wp-content\/uploads\/2021\/11\/TW2.png\",\"contentUrl\":\"https:\/\/tabywebb.se\/wp-content\/uploads\/2021\/11\/TW2.png\",\"width\":558,\"height\":447,\"caption\":\"T\u00e4by Webb\"},\"image\":{\"@id\":\"https:\/\/tabywebb.se\/#\/schema\/logo\/image\/\"}}]}<\/script>\n<!-- \/ Yoast SEO plugin. -->","yoast_head_json":{"title":"Blogg - Hemsida, webbhotell och support","robots":{"index":"index","follow":"follow","max-snippet":"max-snippet:-1","max-image-preview":"max-image-preview:large","max-video-preview":"max-video-preview:-1"},"canonical":"https:\/\/tabywebb.se\/english\/blogg\/","og_locale":"en_US","og_type":"article","og_title":"Blogg - Hemsida, webbhotell och support","og_url":"https:\/\/tabywebb.se\/english\/blogg\/","og_site_name":"Hemsida, webbhotell och support - T\u00e4by Webb","article_modified_time":"2024-02-21T13:55:15+00:00","og_image":[{"url":"https:\/\/tabywebb.se\/wp-content\/uploads\/2023\/01\/Screenshot-2023-01-17-at-18.58.24-768x500.png","type":"","width":"","height":""}],"twitter_card":"summary_large_image","twitter_misc":{"Est. reading time":"2 minutes"},"schema":{"@context":"https:\/\/schema.org","@graph":[{"@type":"WebPage","@id":"https:\/\/tabywebb.se\/blogg\/","url":"https:\/\/tabywebb.se\/blogg\/","name":"Blogg - Hemsida, webbhotell och support","isPartOf":{"@id":"https:\/\/tabywebb.se\/#website"},"primaryImageOfPage":{"@id":"https:\/\/tabywebb.se\/blogg\/#primaryimage"},"image":{"@id":"https:\/\/tabywebb.se\/blogg\/#primaryimage"},"thumbnailUrl":"https:\/\/tabywebb.se\/wp-content\/uploads\/2023\/01\/Screenshot-2023-01-17-at-18.58.24-768x500.png","datePublished":"2021-11-21T15:14:19+00:00","dateModified":"2024-02-21T13:55:15+00:00","inLanguage":"en-US","potentialAction":[{"@type":"ReadAction","target":["https:\/\/tabywebb.se\/blogg\/"]}]},{"@type":"ImageObject","inLanguage":"en-US","@id":"https:\/\/tabywebb.se\/blogg\/#primaryimage","url":"https:\/\/tabywebb.se\/wp-content\/uploads\/2023\/01\/Screenshot-2023-01-17-at-18.58.24-768x500.png","contentUrl":"https:\/\/tabywebb.se\/wp-content\/uploads\/2023\/01\/Screenshot-2023-01-17-at-18.58.24-768x500.png"},{"@type":"WebSite","@id":"https:\/\/tabywebb.se\/#website","url":"https:\/\/tabywebb.se\/","name":"T\u00e4by Webb","description":"Hemsida, webbhotell och support","publisher":{"@id":"https:\/\/tabywebb.se\/#organization"},"potentialAction":[{"@type":"SearchAction","target":{"@type":"EntryPoint","urlTemplate":"https:\/\/tabywebb.se\/?s={search_term_string}"},"query-input":{"@type":"PropertyValueSpecification","valueRequired":true,"valueName":"search_term_string"}}],"inLanguage":"en-US"},{"@type":"Organization","@id":"https:\/\/tabywebb.se\/#organization","name":"T\u00e4by Webb","url":"https:\/\/tabywebb.se\/","logo":{"@type":"ImageObject","inLanguage":"en-US","@id":"https:\/\/tabywebb.se\/#\/schema\/logo\/image\/","url":"https:\/\/tabywebb.se\/wp-content\/uploads\/2021\/11\/TW2.png","contentUrl":"https:\/\/tabywebb.se\/wp-content\/uploads\/2021\/11\/TW2.png","width":558,"height":447,"caption":"T\u00e4by Webb"},"image":{"@id":"https:\/\/tabywebb.se\/#\/schema\/logo\/image\/"}}]}},"_links":{"self":[{"href":"https:\/\/tabywebb.se\/english\/wp-json\/wp\/v2\/pages\/1319","targetHints":{"allow":["GET"]}}],"collection":[{"href":"https:\/\/tabywebb.se\/english\/wp-json\/wp\/v2\/pages"}],"about":[{"href":"https:\/\/tabywebb.se\/english\/wp-json\/wp\/v2\/types\/page"}],"author":[{"embeddable":true,"href":"https:\/\/tabywebb.se\/english\/wp-json\/wp\/v2\/users\/1"}],"replies":[{"embeddable":true,"href":"https:\/\/tabywebb.se\/english\/wp-json\/wp\/v2\/comments?post=1319"}],"version-history":[{"count":148,"href":"https:\/\/tabywebb.se\/english\/wp-json\/wp\/v2\/pages\/1319\/revisions"}],"predecessor-version":[{"id":9809,"href":"https:\/\/tabywebb.se\/english\/wp-json\/wp\/v2\/pages\/1319\/revisions\/9809"}],"wp:attachment":[{"href":"https:\/\/tabywebb.se\/english\/wp-json\/wp\/v2\/media?parent=1319"}],"curies":[{"name":"wp","href":"https:\/\/api.w.org\/{rel}","templated":true}]}}